 2*c = 64, -q + 4*c + 16 = 0. Let l = -11 + q. What are the prime factors of l?
5
Suppose 0 + 6 = 3*o. Let y be (-2)/9 - 34/9. List the prime factors of ((-19)/y)/(o/8).
19
What are the prime factors of -1 + 3855 + (12 - 16)/4?
3853
Suppose 74 = -q - 5*x, -2*q + 3*x = 3*q + 454. Let c = 133 + q. List the prime factors of c.
2, 11
Let c = -2342 + 4563. What are the prime factors of c?
2221
Suppose -6*v - 57 - 63 = 0. Let d = v - -35. Suppose -o - 4*f + d = -10, f + 41 = 5*o. List the prime factors of o.
3
What are the prime factors of 2/4*8 + (8 - -670)?
2, 11, 31
Suppose r = -3*s + 2 + 18, -17 = -3*s - 4*r. Suppose 0 = 4*m + s + 5. What are the prime factors of 2 - (3 - (0 - m))?
2
Suppose -p = -6*p + 2*z + 23, 5*z = 5*p - 20. Suppose -5*r - p*w + 925 = -r, -3*w - 435 = -2*r. List the prime factors of r.
3, 5
Suppose 22 = l - 4*i, 5*l - 47 = -3*i + 40. Suppose 30 = 3*y + 3*q, 0 = -4*y + 4*q - 2*q + 16. List the prime factors of l + (y + -3 - 2).
19
Suppose 3*y = -2 + 14. Suppose y - 91 = 3*k. Let z = 58 + k. What are the prime factors of z?
29
Suppose 453 = -3*z - 387. List the prime factors of ((-12)/10)/(21/z).
2
Let r(d) = -15*d + 93. List the prime factors of r(-25).
2, 3, 13
Suppose f + f = -y + 9, f + 13 = 3*y. Suppose 6*m - 5*w - 4735 = f*m, m - 2*w - 1180 = 0. What are the prime factors of (-4)/5*m/(-28)?
2, 17
Let w be (-19)/(-2) + (-23)/(-46). Suppose 507 = -7*i + w*i. What are the prime factors of i?
13
Let v(d) = 24*d. Let m be v(1). Suppose 0 = 2*a - y - 9, -5*a + 4*y + m = 0. Suppose 5*z - 389 = a*k, -4*z - 4*k = z - 381. List the prime factors of z.
7, 11
Suppose -3*j + 8*a - 6*a + 1001 = 0, 5*j - 3*a = 1668. List the prime factors of j.
3, 37
Let s = -59 - -498. What are the prime factors of s?
439
Suppose 2*n + 5*l - 9 = 0, -2*n = n + 2*l - 8. Suppose 128 = 4*o + n*s, 3*o - 5*s - 38 = 32. List the prime factors of o.
2, 3, 5
Suppose -4*b + 39 = -13. Suppose 8*t - 141 = -b. List the prime factors of t.
2
Let l(t) = -9*t - 3. Let b(n) = n**2 - 6*n + 4. Let g be b(6). Let w = 1 - g. What are the prime factors of l(w)?
2, 3
Suppose 3*o + 12 = 5*z, o = -z - 4*o - 20. Suppose -3*a + 207 + 114 = z. What are the prime factors of a?
107
Let q = -33 - -177. List the prime factors of q.
2, 3
Let l(g) = -2*g**2 - 5*g - 5. Let y(q) = -38*q**2 - 4*q + 37*q**2 - 3 - 1. Let f(v) = -3*l(v) + 4*y(v). What are the prime factors of f(-1)?
2
Let s(x) = 5*x**2 - 17*x - 9. Let p be s(8). Suppose 3*l - 4*v = p, -v + 8 = -3*v. What are the prime factors of l?
53
Let j(l) = 4*l**3 - 7*l**2 - 16*l + 146. List the prime factors of j(7).
1063
Let z = -1801 - -2696. List the prime factors of z.
5, 179
Suppose 344*u = 310*u + 103088. What are the prime factors of u?
2, 379
Let b(q) = -38*q + 9. Suppose 0 = 4*z + i + 23, z = 6*i - 7*i - 5. List the prime factors of b(z).
3, 79
Suppose -15*l = -5*l - 5950. What are the prime factors of l?
5, 7, 17
Suppose 0 = f - 0*f - 21. Let v be f/12 + 2/8. Suppose -w + 1 = 0, -v*y - 5*w + 76 = -w. List the prime factors of y.
2, 3
Suppose 16*m - 6*m = 7620. List the prime factors of m.
2, 3, 127
Suppose 4*r - 6 = -30. Let d = 3 - 1. What are the prime factors of d/r + 61/3?
2, 5
Let u be -8*(4 - 7 - -2). Let y(g) = -3*g - 6. Let p be y(u). Let n = -14 - p. What are the prime factors of n?
2
Let b = -12 - -17. Suppose 4*u = -u - b, -2*t - 2*u + 90 = 0. List the prime factors of t/2 + 1 + 0.
2, 3
Let b(a) = -6*a**3 - a**2. Let v be b(-1). Suppose 0*y - v = -y - 3*l, -3*l = -2*y + 1. Suppose 54 = y*i - 82. List the prime factors of i.
2, 17
Suppose -14721 = 9*h - 30*h. List the prime factors of h.
701
Let i(l) = -117*l**3 + 5*l**2 + 6*l. List the prime factors of i(-1).
2, 29
Suppose 0 = 3*c + 9, 3*n - 7*c - 189 = -6*c. Suppose u - 2*z - 164 = -3*u, -4*z + n = 2*u. What are the prime factors of u?
3, 13
Let c = 4 + 1. Suppose -s = 2*l - 0*l - 116, 2*l - 128 = c*s. What are the prime factors of l?
59
List the prime factors of -4 + 32 + (-4 - 2).
2, 11
Let c be 86 - (0 - 3)/((-6)/4). Suppose f - 15 = b, 0*f - c = -4*f - 4*b. What are the prime factors of f?
2, 3
Suppose 5*c + 40 = -2*o, -4*c - 1 = 3*o + 38. List the prime factors of (1 - 10)*(c + 5).
3
Suppose -2*k + 23 - 21 = 0. Let u(f) = 20*f**3 + 2*f**2 - f. Let n be u(1). List the prime factors of ((-161)/n)/(k/(-6)).
2, 23
Let v be ((-2)/2)/((-1)/232). Let y = v - 109. List the prime factors of y.
3, 41
Suppose -2*b + 4*n + 764 = -0*b, -3*b = -2*n - 1158. List the prime factors of b.
2, 97
Let t(f) = f**3 - f**2 + 2*f + 41. Let g be t(0). Suppose 0 = 4*m - 287 - g. List the prime factors of m.
2, 41
What are the prime factors of 0 - -3309 - (7 - -6)?
2, 103
Suppose -q + 4*t + 2887 = 1053, -q = 3*t - 1834. List the prime factors of q.
2, 7, 131
Suppose 3*y = -2*y - 4*l + 1843, -2*y = -4*l - 726. Suppose -6*v - 2*k + 217 = -3*v, y = 5*v - 2*k. List the prime factors of v.
73
Suppose 9*f = 18 + 18. Suppose -f*u + g = -295, -2*u = -4*g - 195 + 37. What are the prime factors of u?
73
List the prime factors of (2820/80)/((-12)/(-1088)).
2, 17, 47
Let f(o) = 2*o**3 + 4*o**2 - o + 5. Let w(g) = 5*g**3 + 8*g**2 - g + 9. Let b(i) = -9*f(i) + 4*w(i). List the prime factors of b(5).
2, 83
Let f = 25 + -20. Let o(d) = d**2 + 10*d - 11. Let y be o(-11). Suppose f*a + y*a - 105 = 0. What are the prime factors of a?
3, 7
Suppose 3*l - 1797 = -16*v + 19*v, 2*v - 3023 = -5*l. List the prime factors of l.
3, 67
Suppose -u = 5*k - 4*u - 393, -3*k + 227 = -4*u. What are the prime factors of k?
3
Let z(j) = j**3 + 37*j**2 - 4*j + 63. List the prime factors of z(-33).
3, 37, 41
Let i(g) = 630*g - 58. List the prime factors of i(5).
2, 773
Suppose -645 = -5*n - 3*s, 58*n - 61*n - 3*s + 381 = 0. What are the prime factors of n?
2, 3, 11
Suppose -z = -2*d + 6, z = 4*d + 3 - 11. Let h be 3*z/(-16)*4. Suppose 3*a + x - 78 = 0, a + h*x = x + 26. What are the prime factors of a?
2, 13
Let v(b) = b**3 - 5*b - 6*b + 4 + 4*b**2 - 2*b. List the prime factors of v(-6).
2, 5
Let d(g) = -6*g**2 + 7*g - 6. Let y(c) = c**3 + 7*c**2 + 4*c - 6. Let m be y(-6). Let n be d(m). What are the prime factors of n/(-8) - 1/2?
2, 11
Let s(r) = 8*r**2 + 12. Suppose 0 = 10*i + 17 + 23. List the prime factors of s(i).
2, 5, 7
Let r(x) = x + 3*x**3 - 7*x**2 + 3*x - 6*x - 4*x**3. Let v be r(-8). Suppose -k - v = -5*k. List the prime factors of k.
2, 5
Suppose -3*f - 4*q - 22 = 0, -10 = 4*f + 4*q + 14. What are the prime factors of (242/33)/(f/(-18))?
2, 3, 11
Suppose j + 4*a + 16 = 2*j, -5*j + 5*a = -35. Let p(s) = s. Let y be p(j). Let v = 4 + y. List the prime factors of v.
2
Suppose 0 = -7*u + 7238 - 4844. What are the prime factors of u?
2, 3, 19
Let j(r) = 75*r + 1. Let x be j(1). Suppose -x = 4*v - 2*v. What are the prime factors of (v/8)/((-4)/16)?
19
Let s(k) = k**2 + 8*k + 7. Let o be s(-7). Let l(v) = -3*v + 34. List the prime factors of l(o).
2, 17
Let x(d) = -d**3 - 10*d**2 - 5*d - 14. Let h be x(-10). What are the prime factors of 5 + -5 + 0 + -2 + h?
2, 17
What are the prime factors of (0 - -1)*-3954*2/(-12)?
659
Suppose -f + 9 - 51 = 0. Let b = 53 - f. What are the prime factors of b?
5, 19
Let o = 1482 + -803. What are the prime factors of o?
7, 97
Let x(d) = -171*d**3 + 11*d**2 - d - 3. What are the prime factors of x(-2)?
17, 83
Suppose -5*j - 5 = a, 5*a - 2*j = 40 - 11. Suppose 5*n - a*x - 465 = 0, 204 = 2*n - 0*x + 4*x. What are the prime factors of n?
2, 3
Let c(z) = -587*z - 66. What are the prime factors of c(-3)?
3, 5, 113
Let o(u) = 6*u**2 - 6*u + 15. Let l(r) = r**2 - r + 3. Let d(v) = -21*l(v) + 4*o(v). Let a be (-3 + 6)/(-3) + 6. What are the prime factors of d(a)?
3, 19
Let n(q) = -7*q - 10. Let o(x) = -15*x - 20. Let v(b) = 13*n(b) - 6*o(b). Let c be v(7). Let u = -5 - c. List the prime factors of u.
2, 3
Let w be (81/6)/(3/30). Suppose w = 2*x + 3*x. Suppose y + 6*r = 3*r + x, 5*r = 5. What are the prime factors of y?
2, 3
Let v(y) = 5*y - 13. Let i be v(-12). Let r = -22 - i. Suppose 0*t - 30 = -2*t - 4*k, -4*t = 5*k - r. What are the prime factors of t?
3
Let d = 236 - 128. What are the prime factors of d?
2, 3
Suppose -11*h + 2*u = -16*h + 16781, 0 = 5*u + 10. List the prime factors of h.
3, 373
Let w(f) = 4*f**2 - 2*f + 8. Let d be w(0). Suppose 3*l = -v - 2*v - 54, -34 = l + 5*v. List